{"id":108,"date":"2015-06-17T18:22:47","date_gmt":"2015-06-17T18:22:47","guid":{"rendered":"https:\/\/sp2kfd.pzk.pl\/?page_id=108"},"modified":"2015-06-19T08:22:02","modified_gmt":"2015-06-19T08:22:02","slug":"krotkofalarstwo-co-to-jest","status":"publish","type":"page","link":"https:\/\/sp2kfd.pzk.pl\/?page_id=108","title":{"rendered":"Kr\u00f3tkofalarstwo"},"content":{"rendered":"<p><b>Kr\u00f3tkofalarstwo<\/b> (<a title=\"J\u0119zyk angielski\" href=\"https:\/\/pl.wikipedia.org\/wiki\/J%C4%99zyk_angielski\">ang.<\/a> <i>ham radio, Amateur Radio<\/i> \u2013 <a title=\"S\u0142u\u017cba radiokomunikacyjna amatorska\" href=\"https:\/\/pl.wikipedia.org\/wiki\/S%C5%82u%C5%BCba_radiokomunikacyjna_amatorska\" target=\"_blank\">radiowa s\u0142u\u017cba amatorska<\/a>) \u2013 <a title=\"Hobby\" href=\"https:\/\/pl.wikipedia.org\/wiki\/Hobby\" target=\"_blank\">hobby<\/a> polegaj\u0105ce na nawi\u0105zywaniu \u0142\u0105czno\u015bci radiowych na wydzielonych pasmach radiowych \u2013 od fal <a title=\"Fale d\u0142ugie\" href=\"https:\/\/pl.wikipedia.org\/wiki\/Fale_d%C5%82ugie\" target=\"_blank\">d\u0142ugich<\/a>, poprzez <a title=\"Fale \u015brednie\" href=\"https:\/\/pl.wikipedia.org\/wiki\/Fale_%C5%9Brednie\">\u015brednie<\/a>, <a title=\"Fale kr\u00f3tkie\" href=\"https:\/\/pl.wikipedia.org\/wiki\/Fale_kr%C3%B3tkie\">kr\u00f3tkie<\/a> i <a title=\"UKF\" href=\"https:\/\/pl.wikipedia.org\/wiki\/UKF\">ultrakr\u00f3tkie<\/a> a\u017c do <a title=\"Mikrofale\" href=\"https:\/\/pl.wikipedia.org\/wiki\/Mikrofale\">mikrofal<\/a>, mi\u0119dzy kr\u00f3tkofalowcami przy pomocy <a title=\"Radiostacja\" href=\"https:\/\/pl.wikipedia.org\/wiki\/Radiostacja\">radiostacji<\/a>, potwierdzaniu \u0142\u0105czno\u015bci za pomoc\u0105 <a title=\"Karta QSL\" href=\"https:\/\/pl.wikipedia.org\/wiki\/Karta_QSL\">karty QSL<\/a>, uczestnictwie w <a title=\"Zawody kr\u00f3tkofalarskie\" href=\"https:\/\/pl.wikipedia.org\/wiki\/Zawody_kr%C3%B3tkofalarskie\">zawodach kr\u00f3tkofalarskich<\/a>, jak r\u00f3wnie\u017c konstruowaniu urz\u0105dze\u0144 radiowych i antenowych do nawi\u0105zywania \u0142\u0105czno\u015bci. Osobn\u0105 grup\u0119 kr\u00f3tkofalowc\u00f3w stanowi\u0105 nas\u0142uchowcy (SWL).<\/p>\n<h2><span id=\"Historia\" class=\"mw-headline\">Historia<\/span><\/h2>\n<p>W ci\u0105gu swojej historii amatorskie radio wnios\u0142o znacz\u0105cy wk\u0142ad w rozw\u00f3j takich nauk, jak projektowanie, przemys\u0142 i us\u0142ugi socjalne. Ekonomiczne i spo\u0142eczne korzy\u015bci wyniesione z bada\u0144 operator\u00f3w amatorskich radiostacji stworzy\u0142y nowe ga\u0142\u0119zie przemys\u0142u, spowodowa\u0142y finansowe oszcz\u0119dno\u015bci, przyczyni\u0142y si\u0119 do \u0142\u0105czenia narod\u00f3w i uratowania wielu ludzkich istnie\u0144. Narodziny radia amatorskiego, i radia w og\u00f3lnym znaczeniu, \u0142\u0105cz\u0105 si\u0119 z eksperymentami <a title=\"Guglielmo Marconi\" href=\"https:\/\/pl.wikipedia.org\/wiki\/Guglielmo_Marconi\">Guglielmo Marconiego<\/a>, kt\u00f3ry mi\u0119dzy <a title=\"1895\" href=\"https:\/\/pl.wikipedia.org\/wiki\/1895\">1895<\/a> a <a title=\"1899\" href=\"https:\/\/pl.wikipedia.org\/wiki\/1899\">1899<\/a> drog\u0105 radiow\u0105 wys\u0142a\u0142 wiadomo\u015b\u0107 na drug\u0105 stron\u0119 <a title=\"Kana\u0142 morski\" href=\"https:\/\/pl.wikipedia.org\/wiki\/Kana%C5%82_morski\">kana\u0142u<\/a> <a title=\"La Manche\" href=\"https:\/\/pl.wikipedia.org\/wiki\/La_Manche\">La Manche<\/a> i po raz pierwszy nada\u0142 audycj\u0119 przez <a title=\"Ocean Atlantycki\" href=\"https:\/\/pl.wikipedia.org\/wiki\/Ocean_Atlantycki\">Atlantyk<\/a> w <a title=\"1902\" href=\"https:\/\/pl.wikipedia.org\/wiki\/1902\">1902<\/a>. Marconi nie jest jedynym pretendentem do tytu\u0142u odkrywcy radia, poniewa\u017c niekt\u00f3re cz\u0119\u015bci radia, takie, jak <a title=\"Cewka\" href=\"https:\/\/pl.wikipedia.org\/wiki\/Cewka\">cewka<\/a> zosta\u0142y zaprojektowane przez <a title=\"Nikola Tesla\" href=\"https:\/\/pl.wikipedia.org\/wiki\/Nikola_Tesla\">Nikol\u0119 Tesl\u0119<\/a>i <a title=\"Aleksandr Stiepanowicz Popow\" href=\"https:\/\/pl.wikipedia.org\/wiki\/Aleksandr_Stiepanowicz_Popow\">Aleksandra Popowa<\/a>.<\/p>\n<p>W czasie nast\u0119pnych eksperyment\u00f3w Marconiego (1900-1908) wiele ludzi na ca\u0142ym \u015bwiecie zacz\u0119\u0142o eksperymentowa\u0107 z radiem. \u0141\u0105czno\u015bci by\u0142y prowadzone za pomoc\u0105 <a title=\"Kod Morse\u2019a\" href=\"https:\/\/pl.wikipedia.org\/wiki\/Kod_Morse%E2%80%99a\">Alfabetu Morse&#8217;a<\/a> przy u\u017cycie przerwy generowanej przez <a title=\"Nadajnik iskrowy\" href=\"https:\/\/pl.wikipedia.org\/wiki\/Nadajnik_iskrowy\">nadajnik iskrowy<\/a>. Ci pierwsi amatorscy radiooperatorzy stworzyli podwaliny wsp\u00f3\u0142czesnego mi\u0119dzynarodowego i amatorskiego radia.<\/p>\n<p>Po zatoni\u0119ciu <a title=\"RMS Titanic\" href=\"https:\/\/pl.wikipedia.org\/wiki\/RMS_Titanic\">Titanica<\/a> sta\u0142o si\u0119 oczywiste, \u017ce potrzebne s\u0105 przepisy reguluj\u0105ce komunikacj\u0119 bezprzewodow\u0105. W <a title=\"1912\" href=\"https:\/\/pl.wikipedia.org\/wiki\/1912\">1912<\/a> roku <a title=\"Kongres Stan\u00f3w Zjednoczonych\" href=\"https:\/\/pl.wikipedia.org\/wiki\/Kongres_Stan%C3%B3w_Zjednoczonych\">Kongres Stan\u00f3w Zjednoczonych<\/a> przyj\u0105\u0142 ustaw\u0119 radiow\u0105, kt\u00f3ra mia\u0142a ograniczy\u0107 pasma dla kr\u00f3tkofalowc\u00f3w do <a title=\"D\u0142ugo\u015b\u0107 fali\" href=\"https:\/\/pl.wikipedia.org\/wiki\/D%C5%82ugo%C5%9B%C4%87_fali\">d\u0142ugo\u015bci fal<\/a> kr\u00f3tszych ni\u017c 200 metr\u00f3w (powy\u017cej 1500 <a title=\"Herc\" href=\"https:\/\/pl.wikipedia.org\/wiki\/Herc\">kHz<\/a>). <a title=\"Cz\u0119stotliwo\u015b\u0107\" href=\"https:\/\/pl.wikipedia.org\/wiki\/Cz%C4%99stotliwo%C5%9B%C4%87\">Cz\u0119stotliwo\u015bci<\/a> te w tamtych czasach by\u0142y uwa\u017cane za nieprzydatne i liczba hobbyst\u00f3w radiowych znacznie spad\u0142a.<\/p>\n<p>Mi\u0119dzy <a title=\"1927\" href=\"https:\/\/pl.wikipedia.org\/wiki\/1927\">1927<\/a>-28 w <a title=\"Waszyngton\" href=\"https:\/\/pl.wikipedia.org\/wiki\/Waszyngton\">Waszyngtonie<\/a> odby\u0142a si\u0119 Mi\u0119dzynarodowa konferencja radiotelegraficzna. Ustalono na niej, \u017ce pasmami radioamatorskimi b\u0119d\u0105 <a title=\"Fale radiowe\" href=\"https:\/\/pl.wikipedia.org\/wiki\/Fale_radiowe\">fale radiowe<\/a> o d\u0142ugo\u015bci <a title=\"Pasmo 80 m\" href=\"https:\/\/pl.wikipedia.org\/wiki\/Pasmo_80_m\">80 m<\/a>, <a title=\"Pasmo 40 m\" href=\"https:\/\/pl.wikipedia.org\/wiki\/Pasmo_40_m\">40 m<\/a>, <a title=\"Pasmo 20 m\" href=\"https:\/\/pl.wikipedia.org\/wiki\/Pasmo_20_m\">20 m<\/a> i <a title=\"Pasmo 10 m\" href=\"https:\/\/pl.wikipedia.org\/wiki\/Pasmo_10_m\">10 m<\/a>. Opr\u00f3cz <a title=\"Bandplan\" href=\"https:\/\/pl.wikipedia.org\/wiki\/Bandplan\">bandplanu<\/a> zosta\u0142y przyj\u0119te przedrostki (tzw. <a title=\"Przedrostek\" href=\"https:\/\/pl.wikipedia.org\/wiki\/Przedrostek\">prefiksy<\/a>) przed<a title=\"Znak wywo\u0142awczy\" href=\"https:\/\/pl.wikipedia.org\/wiki\/Znak_wywo%C5%82awczy\">znakami wywo\u0142awczymi<\/a>.<\/p>\n<p>W <a title=\"1961\" href=\"https:\/\/pl.wikipedia.org\/wiki\/1961\">1961<\/a> roku wystartowa\u0142 pierwszy amatorski <a title=\"Sztuczny satelita\" href=\"https:\/\/pl.wikipedia.org\/wiki\/Sztuczny_satelita\">satelita<\/a> <a title=\"OSCAR 1\" href=\"https:\/\/pl.wikipedia.org\/wiki\/OSCAR_1\">OSCAR 1<\/a>, kt\u00f3ry by\u0142 pierwszym z cyklu radioamatorskich satelit\u00f3w konstruowanych na ca\u0142ym \u015bwiecie.<\/p>\n<p>W <a title=\"1979\" href=\"https:\/\/pl.wikipedia.org\/wiki\/1979\">1979<\/a> w <a title=\"Genewa\" href=\"https:\/\/pl.wikipedia.org\/wiki\/Genewa\">Genewie<\/a> odby\u0142a si\u0119 <a title=\"\u015awiatowa Administracyjna Konferencja Radiowa\" href=\"https:\/\/pl.wikipedia.org\/wiki\/%C5%9Awiatowa_Administracyjna_Konferencja_Radiowa\">\u015awiatowa Administracyjna Konferencja Radiowa<\/a> (WARC). W\u015br\u00f3d wielu dyskutowanych temat\u00f3w na tym spotkaniu zapad\u0142a decyzja o przydzieleniu radioamatorom trzech nowych pasm <a title=\"Pasma WARC\" href=\"https:\/\/pl.wikipedia.org\/wiki\/Pasma_WARC\">30 m<\/a>, <a title=\"Pasma WARC\" href=\"https:\/\/pl.wikipedia.org\/wiki\/Pasma_WARC\">17 m<\/a> i <a title=\"Pasma WARC\" href=\"https:\/\/pl.wikipedia.org\/wiki\/Pasma_WARC\">12 m<\/a>.<\/p>\n<p>W <a title=\"Lata 80. XX wieku\" href=\"https:\/\/pl.wikipedia.org\/wiki\/Lata_80._XX_wieku\">latach 80. XX wieku<\/a> kr\u00f3tkofalowcy stworzyli system automatycznego przekazu i radiow\u0105 transmisj\u0119 cyfrowych pakiet\u00f3w zwan\u0105 <a title=\"Packet Radio\" href=\"https:\/\/pl.wikipedia.org\/wiki\/Packet_Radio\">Packet Radio<\/a>. \u00d3w skomputeryzowany system z powodzeniem zosta\u0142 u\u017cyty do przekazywania komunikat\u00f3w podczas katastrof.<\/p>\n<p>Do <a title=\"2003\" href=\"https:\/\/pl.wikipedia.org\/wiki\/2003\">2003<\/a> r. (w Polsce do stycznia 2009) radioamatorzy-kr\u00f3tkofalowcy ubiegaj\u0105cy si\u0119 o niekt\u00f3re rodzaje <a title=\"Rodzaje zezwole\u0144 w kr\u00f3tkofalarstwie\" href=\"https:\/\/pl.wikipedia.org\/wiki\/Rodzaje_zezwole%C5%84_w_kr%C3%B3tkofalarstwie\">licencje nadawc\u00f3w<\/a> musieli podczas egzamin\u00f3w wykaza\u0107 si\u0119 znajomo\u015bci\u0105 nadawania i odbioru znak\u00f3w <a title=\"Kod Morse\u2019a\" href=\"https:\/\/pl.wikipedia.org\/wiki\/Kod_Morse%E2%80%99a\">alfabetu Morse&#8217;a<\/a>. <a title=\"\u015awiatowa Konferencja Radiokomunikacyjna\" href=\"https:\/\/pl.wikipedia.org\/wiki\/%C5%9Awiatowa_Konferencja_Radiokomunikacyjna\">\u015awiatowa Konferencja Radiokomunikacyjna<\/a> (WRC) na spotkaniu w Genewie w 2003 zdecydowa\u0142a, \u017ce znajomo\u015b\u0107 telegrafii nie jest ju\u017c wymagana do otrzymania uprawnie\u0144 licencji radiooperatora w <a title=\"S\u0142u\u017cba radiokomunikacyjna amatorska\" href=\"https:\/\/pl.wikipedia.org\/wiki\/S%C5%82u%C5%BCba_radiokomunikacyjna_amatorska\">s\u0142u\u017cbie amatorskiej<\/a> przy ubieganiu si\u0119 o zezwolenie w zakresach fal kr\u00f3tkich (egzaminy na uzyskanie uprawnie\u0144 do nadawania w amatorskich zakresach fal ultrakr\u00f3tkich nie obejmowa\u0142y wymogu znajomo\u015bci telegrafii). Oznacza to, \u017ce komisje egzaminacyjne nie wymagaj\u0105 znajomo\u015bci alfabetu Morse&#8217;a, ale jak to dzieje si\u0119 w wielu krajach, nadal mog\u0105 to czyni\u0107.<\/p>\n<p>Wed\u0142ug definicji <a title=\"Mi\u0119dzynarodowy Zwi\u0105zek Telekomunikacyjny\" href=\"https:\/\/pl.wikipedia.org\/wiki\/Mi%C4%99dzynarodowy_Zwi%C4%85zek_Telekomunikacyjny\">ITU<\/a> kr\u00f3tkofalarstwo jest <a title=\"S\u0142u\u017cba radiokomunikacyjna amatorska\" href=\"https:\/\/pl.wikipedia.org\/wiki\/S%C5%82u%C5%BCba_radiokomunikacyjna_amatorska\">s\u0142u\u017cb\u0105 radiokomunikacyjn\u0105<\/a> maj\u0105c\u0105 na celu samokszta\u0142cenie, wzajemn\u0105 \u0142\u0105czno\u015b\u0107 i studia techniczne, amator\u00f3w z licencjami, zainteresowanych technik\u0105 radiow\u0105 jedynie dla cel\u00f3w osobistych bez korzy\u015bci materialnych. Bardzo niemile widziana jest wszelkiego rodzaju propaganda komercyjna, polityczna i religijna, a tak\u017ce przekazywanie informacji niezwi\u0105zanych z zainteresowaniami os\u00f3b bezpo\u015brednio prowadz\u0105cych konwersacje. Przy prowadzeniu \u0142\u0105czno\u015bci powinno unika\u0107 si\u0119 dyskusji na te tematy. W wielu krajach, m.in. w Polsce, nagminnie organizuje si\u0119 tzw. &#8220;stacje okoliczno\u015bciowe&#8221; z okazji wydarze\u0144 historycznych, politycznych, religijnych lub reklamuj\u0105ce dzia\u0142alno\u015b\u0107 ekonomiczn\u0105 przedsi\u0119biorstw, instytucji lub fundacji. Nierzadko organizatorzy takich &#8220;stacji okoliczno\u015bciowych&#8221; otrzymuj\u0105 wsparcie finansowe od sponsor\u00f3w.<\/p>\n<h2><span id=\"Radioamatorska_aktywno.C5.9B.C4.87_i_praktyka\" class=\"mw-headline\">Radioamatorska aktywno\u015b\u0107 i praktyka<\/span><\/h2>\n<div class=\"thumb tright\">\n<div class=\"thumbinner\"><a class=\"image\" href=\"https:\/\/pl.wikipedia.org\/wiki\/Plik:Dj1yfk_in_sweden.jpg\"><img loading=\"lazy\" class=\"thumbimage\" src=\"https:\/\/upload.wikimedia.org\/wikipedia\/commons\/thumb\/b\/bb\/Dj1yfk_in_sweden.jpg\/290px-Dj1yfk_in_sweden.jpg\" srcset=\"\/\/upload.wikimedia.org\/wikipedia\/commons\/thumb\/b\/bb\/Dj1yfk_in_sweden.jpg\/435px-Dj1yfk_in_sweden.jpg 1.5x, \/\/upload.wikimedia.org\/wikipedia\/commons\/thumb\/b\/bb\/Dj1yfk_in_sweden.jpg\/580px-Dj1yfk_in_sweden.jpg 2x\" alt=\"\" width=\"290\" height=\"193\" data-file-width=\"1000\" data-file-height=\"667\" \/><\/a><\/p>\n<div class=\"thumbcaption\">\n<div class=\"magnify\"><\/div>\n<p>Kr\u00f3tkofalowiec przy pracy<\/p>\n<\/div>\n<\/div>\n<\/div>\n<p>Kr\u00f3tkofalowcy lubi\u0105 osobist\u0105, dwukierunkow\u0105 komunikacj\u0119 z przyjaci\u00f3\u0142mi, cz\u0142onkami rodzin i zupe\u0142nie obcymi lud\u017ami, kt\u00f3rzy r\u00f3wnie\u017c musz\u0105 by\u0107 licencjonowanymi nadawcami. Wspieraj\u0105 spo\u0142ecze\u0144stwo zapewniaj\u0105c \u0142\u0105czno\u015b\u0107 w nag\u0142ych wypadkach, podczas <a title=\"Katastrofa\" href=\"https:\/\/pl.wikipedia.org\/wiki\/Katastrofa\">katastrof<\/a> i <a title=\"Kl\u0119ska \u017cywio\u0142owa\" href=\"https:\/\/pl.wikipedia.org\/wiki\/Kl%C4%99ska_%C5%BCywio%C5%82owa\">kl\u0119sk \u017cywio\u0142owych<\/a><sup id=\"cite_ref-1\" class=\"reference\"><a href=\"https:\/\/pl.wikipedia.org\/wiki\/Kr%C3%B3tkofalarstwo#cite_note-1\">[1]<\/a><\/sup>.<\/p>\n<p>Do wzajemnej komunikacji, amatorzy wykorzystuj\u0105 <a title=\"Transceiver\" href=\"https:\/\/pl.wikipedia.org\/wiki\/Transceiver\">transceivery<\/a> fabryczne jak i konstrukcji w\u0142asnej. Do nawi\u0105zania \u0142\u0105czno\u015bci s\u0142u\u017cy kilka rodzaj\u00f3w <a title=\"Modulacja\" href=\"https:\/\/pl.wikipedia.org\/wiki\/Modulacja\">modulacji<\/a> <a title=\"Fale radiowe\" href=\"https:\/\/pl.wikipedia.org\/wiki\/Fale_radiowe\">fali radiowej<\/a>. Przesy\u0142anie g\u0142osu nadawcy potrzebnego do nawi\u0105zania \u0142\u0105czno\u015bci odbywa si\u0119 za po\u015brednictwem r\u00f3\u017cnych typ\u00f3w <a title=\"Emisje radiowe stosowane w kr\u00f3tkofalarstwie\" href=\"https:\/\/pl.wikipedia.org\/wiki\/Emisje_radiowe_stosowane_w_kr%C3%B3tkofalarstwie\">emisji<\/a>. Jedn\u0105 z nich jest <a title=\"Modulacja cz\u0119stotliwo\u015bci\" href=\"https:\/\/pl.wikipedia.org\/wiki\/Modulacja_cz%C4%99stotliwo%C5%9Bci\">modulacja cz\u0119stotliwo\u015bci<\/a> (FM). Oferuje wysok\u0105 jako\u015b\u0107 audio dla lokalnych operator\u00f3w, gdzie <a title=\"Sygna\u0142\" href=\"https:\/\/pl.wikipedia.org\/wiki\/Sygna%C5%82\">sygna\u0142<\/a> radiowy jest silny. Innym typem emisji jest pojedyncza wst\u0119ga boczna (<a title=\"Modulacja jednowst\u0119gowa\" href=\"https:\/\/pl.wikipedia.org\/wiki\/Modulacja_jednowst%C4%99gowa\">SSB<\/a>). Charakteryzuje si\u0119 niezawodno\u015bci\u0105 nawet wtedy, gdy sygna\u0142 jest s\u0142aby. Emisja SSB zajmuje mniejsz\u0105 szeroko\u015b\u0107 pasma, dzi\u0119ki czemu umo\u017cliwia prac\u0119 wi\u0119kszej liczby kr\u00f3tkofalowc\u00f3w w danym zakresie cz\u0119stotliwo\u015bci.<\/p>\n<p>Opr\u00f3cz g\u0142osowego przesy\u0142ania informacji kr\u00f3tkofalowcy nadal komunikuj\u0105 si\u0119 korzystaj\u0105c z telegrafii <a title=\"CW\" href=\"https:\/\/pl.wikipedia.org\/wiki\/CW\">CW<\/a>. Dla u\u0142atwienia pracy zosta\u0142 stworzony <a title=\"Slang kr\u00f3tkofalarski\" href=\"https:\/\/pl.wikipedia.org\/wiki\/Slang_kr%C3%B3tkofalarski\">slang kr\u00f3tkofalarski<\/a> i <a title=\"Kod Q\" href=\"https:\/\/pl.wikipedia.org\/wiki\/Kod_Q\">kod Q<\/a>. Wielk\u0105 zalet\u0105 porozumiewania si\u0119 znakami Morse&#8217;a jest daleki zasi\u0119g osi\u0105ganych \u0142\u0105czno\u015bci. Przy dobrych warunkach <a title=\"Propagacja fal radiowych\" href=\"https:\/\/pl.wikipedia.org\/wiki\/Propagacja_fal_radiowych\">propagacyjnych<\/a> mo\u017cna \u0142\u0105czy\u0107 si\u0119 z amatorami z ca\u0142ego \u015bwiata i w ten spos\u00f3b przeprowadzi\u0107 \u0142\u0105czno\u015b\u0107 z egzotycznymi stacjami.<\/p>\n<p>Kolejn\u0105 p\u0142aszczyzn\u0105 amatorskiej komunikacji radiowej s\u0105 emisje cyfrowe, mi\u0119dzy innymi <a title=\"PSK31\" href=\"https:\/\/pl.wikipedia.org\/wiki\/PSK31\">PSK31<\/a>, <a title=\"SSTV\" href=\"https:\/\/pl.wikipedia.org\/wiki\/SSTV\">SSTV<\/a>, <a title=\"Packet Radio\" href=\"https:\/\/pl.wikipedia.org\/wiki\/Packet_Radio\">Packet Radio<\/a>. Do tego typu \u0142\u0105czno\u015bci potrzebny jest transceiver po\u0142\u0105czony z komputerem na kt\u00f3rym musi by\u0107 zainstalowane specjalne oprogramowanie. Dzi\u0119ki PSK31 mo\u017cna przesy\u0142a\u0107 informacje tekstowe. Przez SSTV zdj\u0119cia, karty QSL. Sygna\u0142 w zale\u017cno\u015bci od pasma, u\u017cytej mocy i warunk\u00f3w propagacyjnych (stanu jonosfery) mo\u017ce dotrze\u0107 do ka\u017cdego zak\u0105tku globu. Dlatego emisje cyfrowe staj\u0105 si\u0119 coraz bardziej popularnym sposobem \u0142\u0105czno\u015bci.<\/p>\n<p>Nawi\u0105zanie \u0142\u0105czno\u015bci odbywa si\u0119 wed\u0142ug \u015bci\u015ble okre\u015blonych regu\u0142. Znalezienie rozm\u00f3wcy rozpoczyna si\u0119 przez <a title=\"CQ\" href=\"https:\/\/pl.wikipedia.org\/wiki\/CQ\">wywo\u0142anie og\u00f3lne<\/a> lub wywo\u0142anie okre\u015blonego znaku. Po wymianie raport\u00f3w o s\u0142yszalno\u015bci swojego rozm\u00f3wcy i sile sygna\u0142u (<a title=\"Raport RST\" href=\"https:\/\/pl.wikipedia.org\/wiki\/Raport_RST\">raport RST<\/a>) oraz podaniu swojego imienia i miejsca nadawania (QTH) przechodzi si\u0119 do lu\u017anej rozmowy na dowolnie wybrany temat z wyj\u0105tkiem dra\u017cliwych. Na <a title=\"Kategoria:Pasma amatorskie\" href=\"https:\/\/pl.wikipedia.org\/wiki\/Kategoria:Pasma_amatorskie\">pasmach amatorskich<\/a> obowi\u0105zuje zasada nie rozmawiania na tematy polityczne i religijne oraz kultura osobista. Przed zako\u0144czeniem konwersacji kr\u00f3tkofalowcy mog\u0105 poprosi\u0107 o wys\u0142anie karty <a title=\"Karta QSL\" href=\"https:\/\/pl.wikipedia.org\/wiki\/Karta_QSL\">QSL<\/a>, b\u0119d\u0105cej potwierdzeniem nawi\u0105zanej \u0142\u0105czno\u015bci.<\/p>\n<h2><span id=\"Kr.C3.B3tkofalarstwo_w_Polsce_i_na_.C5.9Bwiecie\" class=\"mw-headline\">Kr\u00f3tkofalarstwo w Polsce i na \u015bwiecie<\/span><\/h2>\n<p>Pocz\u0105tki zorganizowanego kr\u00f3tkofalarstwa w <a title=\"Polska\" href=\"https:\/\/pl.wikipedia.org\/wiki\/Polska\">Polsce<\/a> zaczynaj\u0105 si\u0119 od <a title=\"1924\" href=\"https:\/\/pl.wikipedia.org\/wiki\/1924\">1924<\/a> r., kiedy pojawi\u0142y si\u0119 pierwsze zarejestrowane <a title=\"Klub kr\u00f3tkofalarski\" href=\"https:\/\/pl.wikipedia.org\/wiki\/Klub_kr%C3%B3tkofalarski\">kluby radiowe<\/a> oraz ukaza\u0142y si\u0119 pierwsze <a title=\"Kategoria:Czasopisma kr\u00f3tkofalarskie\" href=\"https:\/\/pl.wikipedia.org\/wiki\/Kategoria:Czasopisma_kr%C3%B3tkofalarskie\">pisma radioamatorskie<\/a>, takie jak: <a title=\"Radio-Amator\" href=\"https:\/\/pl.wikipedia.org\/wiki\/Radio-Amator\">Radio-Amator<\/a> oraz <a title=\"Miesi\u0119cznik\" href=\"https:\/\/pl.wikipedia.org\/wiki\/Miesi%C4%99cznik\">miesi\u0119cznik<\/a> \u201eRadio-Ruch\u201d. W roku 1924 zmieniono r\u00f3wnie\u017c ustaw\u0119 z dnia <a title=\"27 maja\" href=\"https:\/\/pl.wikipedia.org\/wiki\/27_maja\">27 maja<\/a> <a title=\"1919\" href=\"https:\/\/pl.wikipedia.org\/wiki\/1919\">1919<\/a> r. o <a title=\"Poczta\" href=\"https:\/\/pl.wikipedia.org\/wiki\/Poczta\">poczcie<\/a>, <a title=\"Telegraf\" href=\"https:\/\/pl.wikipedia.org\/wiki\/Telegraf\">telegrafie<\/a> i <a title=\"Telefon\" href=\"https:\/\/pl.wikipedia.org\/wiki\/Telefon\">telefonie<\/a>, dopuszczaj\u0105c zak\u0142adanie i u\u017cywanie na podstawie odpowiednich zezwole\u0144 \u2013 prywatnych odbiorczych stacji radiotelegraficznych oraz radiotelefonicznych. <a title=\"1 stycznia\" href=\"https:\/\/pl.wikipedia.org\/wiki\/1_stycznia\">1 stycznia<\/a> <a title=\"1929\" href=\"https:\/\/pl.wikipedia.org\/wiki\/1929\">1929<\/a> ukaza\u0142 si\u0119 pierwszy numer <a title=\"Kr\u00f3tkofalowiec Polski\" href=\"https:\/\/pl.wikipedia.org\/wiki\/Kr%C3%B3tkofalowiec_Polski\">Kr\u00f3tkofalowca Polskiego<\/a>, kt\u00f3ry z przerwami spowodowanymi wydarzeniami historycznymi przetrwa\u0142 do dzi\u015b. Ukazywa\u0142 si\u0119 jako miesi\u0119cznik samodzielny lub wk\u0142adka do innych czasopism \u2013 Radioamator i Kr\u00f3tkofalowiec, potem <a title=\"Radioelektronik\" href=\"https:\/\/pl.wikipedia.org\/wiki\/Radioelektronik\">Radioelektronik<\/a> obecnie <a title=\"\u015awiat Radio\" href=\"https:\/\/pl.wikipedia.org\/wiki\/%C5%9Awiat_Radio\">\u015awiat Radio<\/a>. Organizacj\u0105 powsta\u0142\u0105 w lutym <a title=\"1930\" href=\"https:\/\/pl.wikipedia.org\/wiki\/1930\">1930<\/a> r. reprezentuj\u0105c\u0105 polskie kr\u00f3tkofalarstwo by\u0142 obecny <a title=\"Polski Zwi\u0105zek Kr\u00f3tkofalowc\u00f3w\" href=\"https:\/\/pl.wikipedia.org\/wiki\/Polski_Zwi%C4%85zek_Kr%C3%B3tkofalowc%C3%B3w\">Polski Zwi\u0105zek Kr\u00f3tkofalowc\u00f3w<\/a>. Pod koniec <a title=\"Lata 30. XX wieku\" href=\"https:\/\/pl.wikipedia.org\/wiki\/Lata_30._XX_wieku\">lat trzydziestych<\/a> z narastaj\u0105c\u0105 gro\u017ab\u0105 najazdu hitlerowskiego, kr\u00f3tkofalowcy skupieni w <a title=\"Polski Zwi\u0105zek Kr\u00f3tkofalowc\u00f3w\" href=\"https:\/\/pl.wikipedia.org\/wiki\/Polski_Zwi%C4%85zek_Kr%C3%B3tkofalowc%C3%B3w\">PZK<\/a> k\u0142adli du\u017cy nacisk na wykorzystanie kr\u00f3tkofalowc\u00f3w oraz ich sprz\u0119tu i umiej\u0119tno\u015bci do cel\u00f3w obronnych. Niestety, sie\u0107 \u0142\u0105czno\u015bci amatorskiej przygotowana na wypadek wojny przez PZK zosta\u0142a zburzona na skutek wydania zarz\u0105dzenia Ministerstwa Poczt i Telegraf\u00f3w w <a title=\"1939\" href=\"https:\/\/pl.wikipedia.org\/wiki\/1939\">1939<\/a> r. nakazuj\u0105cego rozmontowanie stacji i zwrot zezwole\u0144. Po wojnie w wyniku prowadzonych stara\u0144, w maju <a title=\"1947\" href=\"https:\/\/pl.wikipedia.org\/wiki\/1947\">1947<\/a> r. odby\u0142 si\u0119 og\u00f3lnopolski zjazd delegat\u00f3w <a title=\"Klub kr\u00f3tkofalarski\" href=\"https:\/\/pl.wikipedia.org\/wiki\/Klub_kr%C3%B3tkofalarski\">klub\u00f3w kr\u00f3tkofalowc\u00f3w<\/a>, oraz zosta\u0142a usankcjonowana przez w\u0142adze dzia\u0142alno\u015b\u0107 PZK.<\/p>\n<p>Kr\u00f3tkofalowcy w <a title=\"Polska\" href=\"https:\/\/pl.wikipedia.org\/wiki\/Polska\">Polsce<\/a> u\u017cywaj\u0105 <a title=\"Znak wywo\u0142awczy\" href=\"https:\/\/pl.wikipedia.org\/wiki\/Znak_wywo%C5%82awczy\">znak\u00f3w wywo\u0142awczych<\/a> zaczynaj\u0105cych si\u0119 od liter <a title=\"Przedrostek\" href=\"https:\/\/pl.wikipedia.org\/wiki\/Przedrostek\">prefiks\u00f3w<\/a>: HF, SN, SO, SP, SQ, SR, 3Z. Na \u015bwiecie jest ponad 4 miliony kr\u00f3tkofalowc\u00f3w. Najwi\u0119cej z nich jest w <a title=\"Japonia\" href=\"https:\/\/pl.wikipedia.org\/wiki\/Japonia\">Japonii<\/a>, <a title=\"Stany Zjednoczone\" href=\"https:\/\/pl.wikipedia.org\/wiki\/Stany_Zjednoczone\">USA<\/a>, <a title=\"Niemcy\" href=\"https:\/\/pl.wikipedia.org\/wiki\/Niemcy\">Niemczech<\/a>. W Polsce jest ponad 13 000 kr\u00f3tkofalowc\u00f3w, w tym 4098 zrzeszonych w <a title=\"Polski Zwi\u0105zek Kr\u00f3tkofalowc\u00f3w\" href=\"https:\/\/pl.wikipedia.org\/wiki\/Polski_Zwi%C4%85zek_Kr%C3%B3tkofalowc%C3%B3w\">PZK<\/a> (stan na 15 wrze\u015bnia 2014)<sup id=\"cite_ref-2\" class=\"reference\"><a href=\"https:\/\/pl.wikipedia.org\/wiki\/Kr%C3%B3tkofalarstwo#cite_note-2\">[2]<\/a><\/sup>.<\/p>\n<p>&nbsp;<\/p>\n<p>Klubu kr\u00f3tkofalarskie w Polsce:<br \/>\n<iframe loading=\"lazy\" src=\"https:\/\/www.google.com\/maps\/d\/embed?mid=z4rFVsok7e7s.kWlWgt2C8YaM&#038;hl=en_US\" width=\"640\" height=\"480\"><\/iframe><\/p>\n","protected":false},"excerpt":{"rendered":"<p>Kr\u00f3tkofalarstwo (ang. ham radio, Amateur Radio \u2013 radiowa s\u0142u\u017cba amatorska) \u2013 hobby polegaj\u0105ce na nawi\u0105zywaniu \u0142\u0105czno\u015bci radiowych na wydzielonych pasmach radiowych \u2013 od fal d\u0142ugich, poprzez \u015brednie, kr\u00f3tkie i ultrakr\u00f3tkie a\u017c do mikrofal, mi\u0119dzy kr\u00f3tkofalowcami przy pomocy radiostacji, potwierdzaniu \u0142\u0105czno\u015bci za pomoc\u0105 karty QSL, uczestnictwie w zawodach kr\u00f3tkofalarskich, jak r\u00f3wnie\u017c konstruowaniu urz\u0105dze\u0144 radiowych i antenowych &#8230; <a class=\"read-more\" href=\"https:\/\/sp2kfd.pzk.pl\/?page_id=108\">Wi\u0119cej<\/a><\/p>\n","protected":false},"author":1,"featured_media":0,"parent":0,"menu_order":0,"comment_status":"closed","ping_status":"open","template":"","meta":{"ngg_post_thumbnail":0},"_links":{"self":[{"href":"https:\/\/sp2kfd.pzk.pl\/index.php?rest_route=\/wp\/v2\/pages\/108"}],"collection":[{"href":"https:\/\/sp2kfd.pzk.pl\/index.php?rest_route=\/wp\/v2\/pages"}],"about":[{"href":"https:\/\/sp2kfd.pzk.pl\/index.php?rest_route=\/wp\/v2\/types\/page"}],"author":[{"embeddable":true,"href":"https:\/\/sp2kfd.pzk.pl\/index.php?rest_route=\/wp\/v2\/users\/1"}],"replies":[{"embeddable":true,"href":"https:\/\/sp2kfd.pzk.pl\/index.php?rest_route=%2Fwp%2Fv2%2Fcomments&post=108"}],"version-history":[{"count":4,"href":"https:\/\/sp2kfd.pzk.pl\/index.php?rest_route=\/wp\/v2\/pages\/108\/revisions"}],"predecessor-version":[{"id":412,"href":"https:\/\/sp2kfd.pzk.pl\/index.php?rest_route=\/wp\/v2\/pages\/108\/revisions\/412"}],"wp:attachment":[{"href":"https:\/\/sp2kfd.pzk.pl\/index.php?rest_route=%2Fwp%2Fv2%2Fmedia&parent=108"}],"curies":[{"name":"wp","href":"https:\/\/api.w.org\/{rel}","templated":true}]}}